-3)?
8
Let n(i) = 6*i + 5. Let q(t) = 5*t + 4. Let u(s) = 6*n(s) - 7*q(s). Let z be u(-5). Let j(a) = -a**3 - 8 - 3*a**2 - 2 + 11 + a. Give j(z).
-2
Let r(t) be the first derivative of 2 - 7/2*t**2 - 1/3*t**3 - 5*t. Determine r(-6).
1
Let b(x) = 2*x**3 + 17*x**2 + 17*x - 5. Let t(s) = -3*s**3 - 26*s**2 - 26*s + 7. Let z(k) = -8*b(k) - 5*t(k). Calculate z(-5).
10
Let i(y) = 6*y**3 + 2*y + 1. Let s(c) = c**2 + 2*c - 9. Suppose -3*b = -4*x, -x - 4 + 1 = 0. Let t be s(b). What is i(t)?
-7
Suppose 0 = 3*c + f + 11, c + 0 + 11 = -4*f. Let l(b) be the third derivative of -1/2*b**3 + 6*b**2 + 1/24*b**4 + 0 + 0*b - 1/30*b**5 - 1/120*b**6. Give l(c).
3
Suppose -4*a = -4*k - 28, -a + 3 = 3*k + 16. Let q(d) = 1 - 2*d**2 + 2*d**3 + 1 + 6*d**a + 0*d**3 + 3*d. Determine q(-2).
-4
Let b(m) be the first derivative of m**2 - 2*m - 1. Let x be (0 - (-1)/2)*216/(-54). Calculate b(x).
-6
Suppose 0 = t + 4 + 1. Let r = t + 6. Let x(f) be the first derivative of f**2 - f - 1. Give x(r).
1
Let f(k) = -3*k. Let i(m) = 35*m. Let x(n) = 25*f(n) + 2*i(n). Let d be x(1). Let u(y) = y + 7. Calculate u(d).
2
Let k(z) = -3 + 0*z + 6*z - z**2 - 2*z. Let d = -11 + 9. Let g be 20/8 + 1/d. Calculate k(g).
1
Let x(g) = -g**3 + 5*g**2 - 5*g - 1. Suppose -4 = -3*k + 2*k. Determine x(k).
-5
Let o(s) = -5*s**2 - 5*s + 30. Suppose -5*r - 11 - 36 = 4*g, -3*r - 17 = g. Let l(z) = -2*z**2 - 2*z + 10. Let k(f) = g*l(f) + 3*o(f). Determine k(0).
10
Let b(y) = y - 2. Let o be b(8). Suppose 3*h = o*h - 6. Suppose 4*n = -2*t - 16 - 8, -h*n - 18 = 4*t. Let k(g) = 2*g**2 + g - 2. Give k(t).
4
Suppose 2*j = 2 + 8, 0 = -2*n + 2*j + 6. Let b(i) = -5*i + 3 + 10*i**2 - n*i**2 - i**2. Give b(5).
3
Let o(s) = s**3 + 10*s**2. Let u be o(-10). Let z(t) = 7*t - 1 - t + u*t**2 - t**2 + t. Calculate z(5).
9
Let a(t) be the first derivative of -t**3/3 + 3*t**2/2 + 5*t + 23. Give a(5).
-5
Let h(k) be the third derivative of k**5/10 - 7*k**4/24 + 5*k**3/6 - 5*k**2. Let g(o) = o**2 - o + 1. Let b(v) = 5*g(v) - h(v). Calculate b(3).
-3
Let m(x) = -3*x. Let l = -2 - -8. Suppose -2*i + 7 = 2*a + a, 5*i - 4*a - l = 0. What is m(i)?
-6
Let y(k) = k**2 + 5*k + 4. Let h be 2/((-3 - 292/(-100))*5). Determine y(h).
4
Suppose 0 = 3*a - 3, -2*a = 2*k + 3*a - 13. Suppose -k*p = -0*p + 16. Let q(g) be the third derivative of g**5/60 + 5*g**4/24 - 6*g**2. Calculate q(p).
-4
Let z(v) = -23*v. Let h(s) = 8*s. Let o(l) = -11*h(l) - 4*z(l). Let b(u) = -3*u - 2*u + 4*u - 6. Let i be b(-7). Calculate o(i).
4
Suppose -5*o = 5*x + 40, -o + 6 + 13 = -2*x. Let v be ((-3)/x)/((-1)/(-6)). Suppose -v + 1 = -h. Let z(r) = -6*r**2 - 1. Give z(h).
-7
Let k(t) = 3*t + 11. Let x(j) = 10*j + 32. Let g(a) = -7*k(a) + 2*x(a). What is g(-6)?
-7
Let q(z) be the third derivative of z**9/60480 - z**8/3360 + z**7/840 - z**6/360 + z**5/60 + 3*z**2. Let l(a) be the third derivative of q(a). What is l(5)?
3
Let t = -152 - -146. Let m(g) = g**3 + 6*g**2 + 2. Calculate m(t).
2
Let y be -1 + (-3 - -6) + 0. Let h(m) be the third derivative of 0*m**3 + 0 - m**2 - 1/8*m**4 + 0*m + 1/20*m**5. Give h(y).
6
Let v(x) be the second derivative of 1/4*x**4 + 0 + 1/20*x**5 + 3/2*x**2 + 1/6*x**3 - x. What is v(-3)?
0
Let x be (-2 + -1)/((-3)/8). Suppose -3*c - 1 = x. Let a(i) = 14*i + i**2 + 3 - 4 - 12*i. Calculate a(c).
2
Let f(y) = -y**2 + 4*y + 1. Let d(m) = m**3 - 4*m**2 + 4*m + 1. Let a be d(3). Give f(a).
1
Let s(k) be the third derivative of k**6/120 + k**5/15 - k**4/12 + 2*k**3/3 + 2*k**2. Let r = -27 + 23. Calculate s(r).
12
Let r be 2/(-5) + (-18)/5. Let f be 25 - 0 - (-1 - -4). Let k(n) = -20 + f - n + 2*n. Give k(r).
-2
Suppose 0 = -4*v + 4. Let j(l) = 11*l**2. What is j(v)?
11
Suppose 0 = -y + k + 29, 58 = 2*y + 3*k + 20. Suppose y = -2*x + 3*j, 2*x = -2*x - 4*j. Let n(c) = c + 2. Give n(x).
-3
Let k be (8/(0 + -1))/(-2). Let x(d) = -16*d**3 + 8*d**3 - d + 2*d**2 - k*d**2. Let j be (1/2)/((-4)/8). Determine x(j).
7
Let t(z) be the first derivative of z**3/3 + z**2/2 - 4*z + 7. Let w be (-2)/(-4) + (-2)/4. Determine t(w).
-4
Let r = -24 - -23. Let j(p) = -2*p + 1. Determine j(r).
3
Let n(g) = -11*g + 5. Let r(o) = 0 - 2 - 1 + 6*o. Let k(c) = -3*n(c) - 5*r(c). Determine k(1).
3
Let y(j) = -j - 5. Let h be (-6*(1 - 3))/(-2). Give y(h).
1
Let o(c) = c - 6. Let m = -11 + 14. Let t be o(m). Let k(i) = i**2 + 5*i + 2. Determine k(t).
-4
Let f = 28 - 24. Let l(m) = -m**3 + 3*m**2 + 4*m. Give l(f).
0
Let a(g) be the third derivative of 0 + 1/4*g**4 + 0*g - 5*g**2 + 1/2*g**3 - 1/30*g**5. Determine a(5).
-17
Suppose 0 = 5*w + 6 - 11. Let j(x) = -10*x**2 + 1. What is j(w)?
-9
Let r = -61 + 58. Let c(j) = -j**3 - 5*j**2 + 1. Determine c(r).
-17
Suppose -5*c - 4 = -4*x + 22, 4*c = 3*x - 20. Let f(d) = d**3 + 2*d**2 + 2*d + 1. Determine f(c).
-3
Let h(r) be the first derivative of -r**2/2 - 7*r - 1. Suppose -64 - 20 = -4*y. Suppose 5*l - 20 = 2*k, -5*k - 10 - y = -3*l. What is h(k)?
-2
Let x(y) = 4*y - 24. Let w be x(5). Let n(t) = -t - 1. Let m(v) = v**2 - 1. Let u be m(0). Let c(p) = 6*p + 3. Let z(s) = u*c(s) + w*n(s). Determine z(-2).
5
Let o(j) = j**2 + 8*j - 6. Suppose -39 = 3*h - 3*g, 3*h = -6*g + 2*g - 4. Calculate o(h).
-6
Let s(r) = -1 - 7 + r + 2. Let x(p) = -p + 9. Let o be x(4). Let y be s(o). Let w(d) = -2*d - 1. Give w(y).
1
Let j(n) = -4*n - 2. Let p(m) = -7*m - 4. Let u(k) = 5*j(k) - 3*p(k). Let d be (12/(-10))/((-3)/10). What is u(d)?
6
Suppose -4*r = -5*r - 3. Let d(p) = -5*p**3 - 2*p**2 + 11*p + 4. Let y(i) = 14*i**3 - 36*i + 5*i**2 - 3 + 4*i - 9. Let f(k) = 17*d(k) + 6*y(k). Determine f(r).
2
Let t(g) = -9*g**3 + 3*g**3 - 3*g**3. Determine t(-1).
9
Let v(a) = -7*a - 5*a - 5*a + 16*a - 11. Suppose -k - 3 = -4*k. Let u be 2 + (-2 - 0)/k. Calculate v(u).
-11
Let c(j) be the first derivative of j**5/120 - 2*j**3/3 - 1. Let t(l) be the third derivative of c(l). What is t(-5)?
-5
Let z(n) be the second derivative of 5/2*n**2 + 0 - 1/12*n**4 + n - 1/2*n**3. Determine z(-4).
1
Let q(i) = 3*i**3 + 10*i**2 - 2*i - 2. Let l(w) = -4*w**3 - 11*w**2 + w + 3. Let b(d) = 4*l(d) + 5*q(d). Give b(5).
-3
Let u(h) be the second derivative of h**4/12 - 4*h**3/3 + h**2/2 - 2*h. Let l be u(8). Let z(b) = 3*b**2 + 2*b + 7 - 3 - 4 - l. Determine z(1).
4
Let f(q) be the first derivative of q**3/3 + 3*q**2 - 4*q - 4. Let b be f(-7). Let l(i) = -i**2 + 1 + 0 + 1 + 7*i - b. Give l(5).
9
Suppose c - 5 - 3 = 0. Suppose 5*m - c = 2. Let f(h) = 3*h - 3. What is f(m)?
3
Let u(q) = -q**3 - 4*q**2 + 13*q + 8. Let k be u(-6). Let a(z) = -z**2 - 2*z + 3. Calculate a(k).
-5
Let r(i) = 1 - i + 0*i + 0. Suppose -9 = -4*t - 1. Calculate r(t).
-1
Suppose -3*s + 6*s = 6. Let x(i) be the first derivative of -2 + i + 1/3*i**3 - 2*i**s. Calculate x(3).
-2
Let g = 16 + -14. Let x(o) = o**3 + 3*o**2 - 5*o - 2. Let q be x(-4). Let u(t) = -t + 5*t + g - q*t. What is u(2)?
6
Let s(p) = p - 9. Suppose 35 = -3*r - 2*r. Let m(g) = g**2 + 7*g + 5. Let h be m(r). Calculate s(h).
-4
Suppose -4*r - 5*t - 5 = -9*r, 0 = -4*r - 4*t + 36. Let o(s) = 2*s**2 - 6*s - 3. Give o(r).
17
Let q be -1 - (-30)/(-2)*(-4)/12. Let d(n) = -n**3 + 4*n**2 + 4*n - 3. Give d(q).
13
Let f(v) = -v - 4. Suppose -m + 12 = 3*l, -3*m + 5*l - 13 - 21 = 0. Let j be f(m). Let n(p) = -2*p - 1. Give n(j).
1
Let r(v) = -9*v - 9 + 10*v + 0*v + 0*v. Give r(6).
-3
Let o(g) = 11*g + 1. Let j = -43 - -44. Determine o(j).
12
Let o be (-1)/3 - (-130)/30. Suppose -o = l + 3*l. Let y(b) = -b**3 + 2*b**2 - 1. Calculate y(l).
2
Suppose 211 = -k + 209. Let b(z) = 1 - z**2 + 2*z - 2*z. What is b(k)?
-3
Let z(u) = -3*u - 1. Let o = -10 + 15. Let f(b) = 8*b - o*b**3 - 6*b**2 + 2*b**3 + 5 + 2*b**3. Let j be f(-7). Determine z(j).
5
Let b(j) = -j**2 - 8*j - 9. Suppose 5 + 10 = 5*x. Suppose z + x = -3. Give b(z).
3
Let r = -5 + 6. Let y(g) = 5*g**3 - 2*g + 1. Give y(r).
4
Let s(w) be the first derivative of w**3/2 - w**2 + 4*w + 3. Let q(l) be the first derivative of s(l). Calculate q(3).
7
Let g(u) be the first derivative of u**3/3 - 3*u + 4. Determine g(0).
-3
Let s(u) be the second derivative of -u**7/2520 + u**6/720 + u**4/3 + 6*u. Let i(q) be the third derivative of s(q). What is i(1)?
0
Let i(r) = -2*r**3 - 5*r**2 - 2*r - 1. Let j(m) = -m**2 + 9*m - 11. Let z be j(8). Let c be (z*(3 + -4))/(-1). What is i(c)?
14
Suppose -2*p = -4*l - 0*l + 12, 5*